{"id":2560,"date":"2024-05-28T08:40:29","date_gmt":"2024-05-28T08:40:29","guid":{"rendered":"https:\/\/www.mgpsicologiagava.com\/?page_id=2560"},"modified":"2024-05-28T08:40:29","modified_gmt":"2024-05-28T08:40:29","slug":"terapia-psicoanalitica","status":"publish","type":"page","link":"https:\/\/www.mgpsicologiagava.com\/ca\/terapia-psicoanalitica\/","title":{"rendered":"Ter\u00e0pia Psicoanal\u00edtica"},"content":{"rendered":"<div class=\"fusion-fullwidth fullwidth-box fusion-builder-row-1 fusion-flex-container has-pattern-background has-mask-background nonhundred-percent-fullwidth non-hundred-percent-height-scrolling\" style=\"--awb-border-radius-top-left:0px;--awb-border-radius-top-right:0px;--awb-border-radius-bottom-right:0px;--awb-border-radius-bottom-left:0px;--awb-padding-bottom:6vw;--awb-flex-wrap:wrap;\" ><div class=\"fusion-builder-row fusion-row fusion-flex-align-items-flex-start fusion-flex-content-wrap\" style=\"max-width:1248px;margin-left: calc(-4% \/ 2 );margin-right: calc(-4% \/ 2 );\"><div class=\"fusion-layout-column fusion_builder_column fusion-builder-column-0 fusion_builder_column_1_2 1_2 fusion-flex-column\" style=\"--awb-bg-size:cover;--awb-width-large:50%;--awb-margin-top-large:0px;--awb-spacing-right-large:3.84%;--awb-margin-bottom-large:20px;--awb-spacing-left-large:3.84%;--awb-width-medium:50%;--awb-order-medium:0;--awb-spacing-right-medium:3.84%;--awb-spacing-left-medium:3.84%;--awb-width-small:100%;--awb-order-small:0;--awb-spacing-right-small:1.92%;--awb-spacing-left-small:1.92%;\"><div class=\"fusion-column-wrapper fusion-column-has-shadow fusion-flex-justify-content-flex-start fusion-content-layout-column\"><div class=\"fusion-text fusion-text-1\" style=\"--awb-text-transform:none;\"><h2>No es tracta de dirigir les persones cap a un canvi o actuaci\u00f3 determinada, sin\u00f3 que cadasc\u00fa descobreixi all\u00f2 que realment necessita.<\/h2>\n<p>La ter\u00e0pia psicoanal\u00edtica \u00e9s un proc\u00e9s terap\u00e8utic que intenta resoldre els problemes psicol\u00f2gics de les persones tenint en compte la riquesa del seu m\u00f3n interior, on habiten les fantasies, els pensaments, les emocions, els sentiments i els somnis.<\/p>\n<\/div><\/div><\/div><div class=\"fusion-layout-column fusion_builder_column fusion-builder-column-1 fusion_builder_column_1_2 1_2 fusion-flex-column\" style=\"--awb-bg-size:cover;--awb-width-large:50%;--awb-margin-top-large:0px;--awb-spacing-right-large:3.84%;--awb-margin-bottom-large:20px;--awb-spacing-left-large:3.84%;--awb-width-medium:50%;--awb-order-medium:0;--awb-spacing-right-medium:3.84%;--awb-spacing-left-medium:3.84%;--awb-width-small:100%;--awb-order-small:0;--awb-spacing-right-small:1.92%;--awb-spacing-left-small:1.92%;\"><div class=\"fusion-column-wrapper fusion-column-has-shadow fusion-flex-justify-content-flex-start fusion-content-layout-column\"><div class=\"fusion-image-element \" style=\"--awb-caption-title-font-family:var(--h2_typography-font-family);--awb-caption-title-font-weight:var(--h2_typography-font-weight);--awb-caption-title-font-style:var(--h2_typography-font-style);--awb-caption-title-size:var(--h2_typography-font-size);--awb-caption-title-transform:var(--h2_typography-text-transform);--awb-caption-title-line-height:var(--h2_typography-line-height);--awb-caption-title-letter-spacing:var(--h2_typography-letter-spacing);\"><span class=\" fusion-imageframe imageframe-none imageframe-1 hover-type-none\"><img decoding=\"async\" width=\"630\" height=\"481\" title=\"Terapia psicoanali\u0301tica\" src=\"https:\/\/www.mgpsicologiagava.com\/wp-content\/uploads\/2022\/04\/Terapia-psicoanali\u0301tica.jpeg\" alt class=\"img-responsive wp-image-2064\" srcset=\"https:\/\/www.mgpsicologiagava.com\/wp-content\/uploads\/2022\/04\/Terapia-psicoanali\u0301tica-200x153.jpeg 200w, https:\/\/www.mgpsicologiagava.com\/wp-content\/uploads\/2022\/04\/Terapia-psicoanali\u0301tica-400x305.jpeg 400w, https:\/\/www.mgpsicologiagava.com\/wp-content\/uploads\/2022\/04\/Terapia-psicoanali\u0301tica-600x458.jpeg 600w, https:\/\/www.mgpsicologiagava.com\/wp-content\/uploads\/2022\/04\/Terapia-psicoanali\u0301tica.jpeg 630w\" sizes=\"(max-width: 640px) 100vw, 600px\" \/><\/span><\/div><\/div><\/div><div class=\"fusion-layout-column fusion_builder_column fusion-builder-column-2 fusion_builder_column_1_1 1_1 fusion-flex-column\" style=\"--awb-bg-size:cover;--awb-width-large:100%;--awb-margin-top-large:40px;--awb-spacing-right-large:1.92%;--awb-margin-bottom-large:20px;--awb-spacing-left-large:1.92%;--awb-width-medium:100%;--awb-order-medium:0;--awb-spacing-right-medium:1.92%;--awb-spacing-left-medium:1.92%;--awb-width-small:100%;--awb-order-small:0;--awb-spacing-right-small:1.92%;--awb-spacing-left-small:1.92%;\"><div class=\"fusion-column-wrapper fusion-column-has-shadow fusion-flex-justify-content-flex-start fusion-content-layout-column\"><div class=\"fusion-text fusion-text-2\" style=\"--awb-text-transform:none;\"><p><strong>El psicoan\u00e0lisi es basa en un model bio-psico-social, ja que interessa per comprendre els factors que influeixen en:<\/strong><\/p>\n<ul>\n<li>el passat i el present de la persona,<\/li>\n<li>la relaci\u00f3 entre el seu cos i la seva ment, \u00e9s a dir, entre el fisiol\u00f2gic i el psicol\u00f2gic<\/li>\n<li>la relaci\u00f3 entre el seu m\u00f3n intern i subjectiu (la seva manera de sentir, viure i percebre el m\u00f3n) i la realitat externa.<\/li>\n<\/ul>\n<p>Desde el psicoan\u00e0lisi es pret\u00e9n treballar adequant-nos a les necessitats espec\u00edfiques de cada persona, als seus trets de personalitat i la seva hist\u00f2ria de vida, i no es tracta d&#8217;encasellar al pacient en etiquetes de diagn\u00f2stic que s\u00f3n globals i impersonals. S&#8217;anima a les persones a parlar dels temes que siguin importants i rellevants per a elles sense imposar directrius ni aspectes precisos dels seus problemes. No es tracta de dirigir les persones cap a un canvi o actuaci\u00f3 determinada, sin\u00f3 que cadasc\u00fa descobreixi all\u00f2 que realment necessita, respectant els seus propis temps sense imposar una ruta. Cadasc\u00fa ha de trobar les seves pr\u00f2pies respostes sense for\u00e7ar-se a ser o comportar-se d&#8217;una manera determinada.<\/p>\n<p><strong>La ter\u00e0pia psicoanal\u00edtica:<\/strong><\/p>\n<ul>\n<li>No pret\u00e9n nom\u00e9s eliminar els s\u00edmptomes. Si profunditzar en les seves causes<\/li>\n<li>No es centra en malalties. Si en el desenvolupament de la persona<\/li>\n<li>No es basa en protocols. Si en profunditzar en el particular de cada cas<\/li>\n<li>No es donen consells. Si es promou que cadasc\u00fa trobi les seves respostes<\/li>\n<li>No es donen tasques per a casa. Si es promou l&#8217;escolta i donar sentit al que ens succeeix a trav\u00e9s de la paraula<\/li>\n<\/ul>\n<\/div><\/div><\/div><\/div><\/div>\n","protected":false},"excerpt":{"rendered":"","protected":false},"author":1,"featured_media":0,"parent":0,"menu_order":0,"comment_status":"closed","ping_status":"closed","template":"","meta":{"footnotes":""},"class_list":["post-2560","page","type-page","status-publish","hentry"],"_links":{"self":[{"href":"https:\/\/www.mgpsicologiagava.com\/ca\/wp-json\/wp\/v2\/pages\/2560","targetHints":{"allow":["GET"]}}],"collection":[{"href":"https:\/\/www.mgpsicologiagava.com\/ca\/wp-json\/wp\/v2\/pages"}],"about":[{"href":"https:\/\/www.mgpsicologiagava.com\/ca\/wp-json\/wp\/v2\/types\/page"}],"author":[{"embeddable":true,"href":"https:\/\/www.mgpsicologiagava.com\/ca\/wp-json\/wp\/v2\/users\/1"}],"replies":[{"embeddable":true,"href":"https:\/\/www.mgpsicologiagava.com\/ca\/wp-json\/wp\/v2\/comments?post=2560"}],"version-history":[{"count":2,"href":"https:\/\/www.mgpsicologiagava.com\/ca\/wp-json\/wp\/v2\/pages\/2560\/revisions"}],"predecessor-version":[{"id":2562,"href":"https:\/\/www.mgpsicologiagava.com\/ca\/wp-json\/wp\/v2\/pages\/2560\/revisions\/2562"}],"wp:attachment":[{"href":"https:\/\/www.mgpsicologiagava.com\/ca\/wp-json\/wp\/v2\/media?parent=2560"}],"curies":[{"name":"wp","href":"https:\/\/api.w.org\/{rel}","templated":true}]}}

Teràpia Psicoanalítica

<div class="fusion-fullwidth fullwidth-box fusion-builder-row-1 fusion-flex-container has-pattern-background has-mask-background nonhundred-percent-fullwidth non-hundred-percent-height-scrolling" style="--awb-border-radius-top-left:0px;--awb-border-radius-top-right:0px;--awb-border-radius-bottom-right:0px;--awb-border-radius-bottom-left:0px;--awb-padding-bottom:6vw;--awb-flex-wrap:wrap;" ><div class="fusion-builder-row fusion-row fusion-flex-align-items-flex-start fusion-flex-content-wrap" style="max-width:1248px;margin-left: calc(-4% / 2 );margin-right: calc(-4% / 2 );"><div class="fusion-layout-column fusion_builder_column fusion-builder-column-0 fusion_builder_column_1_2 1_2 fusion-flex-column" style="--awb-bg-size:cover;--awb-width-large:50%;--awb-margin-top-large:0px;--awb-spacing-right-large:3.84%;--awb-margin-bottom-large:20px;--awb-spacing-left-large:3.84%;--awb-width-medium:50%;--awb-order-medium:0;--awb-spacing-right-medium:3.84%;--awb-spacing-left-medium:3.84%;--awb-width-small:100%;--awb-order-small:0;--awb-spacing-right-small:1.92%;--awb-spacing-left-small:1.92%;"><div class="fusion-column-wrapper fusion-column-has-shadow fusion-flex-justify-content-flex-start fusion-content-layout-column"><div class="fusion-text fusion-text-1" style="--awb-text-transform:none;"><h2>No es tracta de dirigir les persones cap a un canvi o actuació determinada, sinó que cadascú descobreixi allò que realment necessita.</h2>
<p>La teràpia psicoanalítica és un procés terapèutic que intenta resoldre els problemes psicològics de les persones tenint en compte la riquesa del seu món interior, on habiten les fantasies, els pensaments, les emocions, els sentiments i els somnis.</p>
</div></div></div><div class="fusion-layout-column fusion_builder_column fusion-builder-column-1 fusion_builder_column_1_2 1_2 fusion-flex-column" style="--awb-bg-size:cover;--awb-width-large:50%;--awb-margin-top-large:0px;--awb-spacing-right-large:3.84%;--awb-margin-bottom-large:20px;--awb-spacing-left-large:3.84%;--awb-width-medium:50%;--awb-order-medium:0;--awb-spacing-right-medium:3.84%;--awb-spacing-left-medium:3.84%;--awb-width-small:100%;--awb-order-small:0;--awb-spacing-right-small:1.92%;--awb-spacing-left-small:1.92%;"><div class="fusion-column-wrapper fusion-column-has-shadow fusion-flex-justify-content-flex-start fusion-content-layout-column"><div class="fusion-image-element " style="--awb-caption-title-font-family:var(--h2_typography-font-family);--awb-caption-title-font-weight:var(--h2_typography-font-weight);--awb-caption-title-font-style:var(--h2_typography-font-style);--awb-caption-title-size:var(--h2_typography-font-size);--awb-caption-title-transform:var(--h2_typography-text-transform);--awb-caption-title-line-height:var(--h2_typography-line-height);--awb-caption-title-letter-spacing:var(--h2_typography-letter-spacing);"><span class=" fusion-imageframe imageframe-none imageframe-1 hover-type-none"><img decoding="async" width="630" height="481" title="Terapia psicoanalítica" src="https://www.mgpsicologiagava.com/wp-content/uploads/2022/04/Terapia-psicoanalítica.jpeg" alt class="img-responsive wp-image-2064" srcset="https://www.mgpsicologiagava.com/wp-content/uploads/2022/04/Terapia-psicoanalítica-200x153.jpeg 200w, https://www.mgpsicologiagava.com/wp-content/uploads/2022/04/Terapia-psicoanalítica-400x305.jpeg 400w, https://www.mgpsicologiagava.com/wp-content/uploads/2022/04/Terapia-psicoanalítica-600x458.jpeg 600w, https://www.mgpsicologiagava.com/wp-content/uploads/2022/04/Terapia-psicoanalítica.jpeg 630w" sizes="(max-width: 640px) 100vw, 600px" /></span></div></div></div><div class="fusion-layout-column fusion_builder_column fusion-builder-column-2 fusion_builder_column_1_1 1_1 fusion-flex-column" style="--awb-bg-size:cover;--awb-width-large:100%;--awb-margin-top-large:40px;--awb-spacing-right-large:1.92%;--awb-margin-bottom-large:20px;--awb-spacing-left-large:1.92%;--awb-width-medium:100%;--awb-order-medium:0;--awb-spacing-right-medium:1.92%;--awb-spacing-left-medium:1.92%;--awb-width-small:100%;--awb-order-small:0;--awb-spacing-right-small:1.92%;--awb-spacing-left-small:1.92%;"><div class="fusion-column-wrapper fusion-column-has-shadow fusion-flex-justify-content-flex-start fusion-content-layout-column"><div class="fusion-text fusion-text-2" style="--awb-text-transform:none;"><p><strong>El psicoanàlisi es basa en un model bio-psico-social, ja que interessa per comprendre els factors que influeixen en:</strong></p>
<ul>
<li>el passat i el present de la persona,</li>
<li>la relació entre el seu cos i la seva ment, és a dir, entre el fisiològic i el psicològic</li>
<li>la relació entre el seu món intern i subjectiu (la seva manera de sentir, viure i percebre el món) i la realitat externa.</li>
</ul>
<p>Desde el psicoanàlisi es pretén treballar adequant-nos a les necessitats específiques de cada persona, als seus trets de personalitat i la seva història de vida, i no es tracta d&#8217;encasellar al pacient en etiquetes de diagnòstic que són globals i impersonals. S&#8217;anima a les persones a parlar dels temes que siguin importants i rellevants per a elles sense imposar directrius ni aspectes precisos dels seus problemes. No es tracta de dirigir les persones cap a un canvi o actuació determinada, sinó que cadascú descobreixi allò que realment necessita, respectant els seus propis temps sense imposar una ruta. Cadascú ha de trobar les seves pròpies respostes sense forçar-se a ser o comportar-se d&#8217;una manera determinada.</p>
<p><strong>La teràpia psicoanalítica:</strong></p>
<ul>
<li>No pretén només eliminar els símptomes. Si profunditzar en les seves causes</li>
<li>No es centra en malalties. Si en el desenvolupament de la persona</li>
<li>No es basa en protocols. Si en profunditzar en el particular de cada cas</li>
<li>No es donen consells. Si es promou que cadascú trobi les seves respostes</li>
<li>No es donen tasques per a casa. Si es promou l&#8217;escolta i donar sentit al que ens succeeix a través de la paraula</li>
</ul>
</div></div></div></div></div>
